Let k = d + 3. Let y(a) = 2*a**2 - 4*a - 1. Calculate the remainder when y(k) is divided by 15.
14
Suppose 4*p = 5*p - 105. What is the remainder when p is divided by 22?
17
Let s = -18 + 29. What is the remainder when ((-288)/27)/(1/(-3)) is divided by s?
10
What is the remainder when ((-105)/(-3) - 1)*7 is divided by 60?
58
Suppose 12*u = 1141 - 109. What is the remainder when u is divided by 29?
28
Let h(l) = -l + 4. Let u be h(5). Calculate the remainder when 0 + (-2 - (-33 + u)) is divided by 1/((-5 - -2)/(-51)).
15
Let u(g) = 6*g - 1. Let a be u(1). Let j be a/(10/(-4)) - -2. Suppose j = 3*k - 3*m - 42, 2*k + m = 2*m + 27. Calculate the remainder when 25 is divided by k.
12
Let d(b) = b**3 - 4*b**2 - 4*b - 5. Let s(k) = -3*k - 4. Let p be s(-3). Let q be d(p). Calculate the remainder when 22 is divided by 12 + 0/(-3 - q).
10
Let c = 93 - 65. Suppose -4*w = w - 30. Calculate the remainder when c is divided by w.
4
Let x(n) = 7*n - 20. What is the remainder when x(5) is divided by 3?
0
Let o(s) = 3*s + 2. Calculate the remainder when 27 is divided by o(4).
13
Suppose 8*g - 44 - 12 = 0. What is the remainder when g is divided by 2?
1
Let l be (-68)/(-16) + (-3)/12. Calculate the remainder when 26 is divided by l/(-3)*(-21)/2.
12
Let c = 13 - 35. Let j = c + 48. Suppose -5*m = -0*m - 45. What is the remainder when j is divided by m?
8
Let n = -63 - -90. Suppose 0 = c + 2, w + 4*c - n = -4*w. Suppose -1 = 3*d - 37. Calculate the remainder when d is divided by w.
5
Calculate the remainder when 60 is divided by 2 + (-13)/((-26)/28).
12
Let q = 9 + 4. Let x(r) = r. Let k be x(4). Suppose 6 + 94 = k*o. Calculate the remainder when o is divided by q.
12
Let m = -11 - -11. Suppose m*f - f + 40 = 0. Suppose 0 = 4*d - 26 - 30. Calculate the remainder when f is divided by d.
12
Suppose 0 = -2*a - f - 11, 2*a + 3*f + 26 = -f. Let l(b) = 6*b**2 + 3*b - 3. Calculate the remainder when l(a) is divided by 22.
20
Let x = 366 - 364. Let a(b) = -b**2 + 5*b + 6. Let l(d) = d. Let z(v) = a(v) + l(v). Calculate the remainder when z(6) is divided by x.
0
Let b = -167 + 184. What is the remainder when 48 is divided by b?
14
Suppose 0*f + 57 = 3*f. Let b(w) = 10*w - 3. Calculate the remainder when b(4) is divided by f.
18
Suppose -31 = -r - 4*b - 7, -r + 4*b + 16 = 0. Suppose 0*l - l = 3*k, -5*k = -5*l. Suppose l = -4*c - 10 + 38. What is the remainder when r is divided by c?
6
Suppose 4*r + 5*w - 13 = 0, 3*w = -r + 4*w + 1. Calculate the remainder when 27 is divided by 96/7 + r/7.
13
Let d(i) = i**2 + 18*i + 14. Calculate the remainder when d(-19) is divided by 17.
16
Let k(g) = -g**2 - 10*g + 4. Calculate the remainder when 59 is divided by k(-8).
19
Let a = 17 + -9. What is the remainder when -35*6*(-2)/14 is divided by a?
6
Let n(p) = -p**3 + 3*p**2 + 5*p + 2. What is the remainder when 161 is divided by n(-3)?
38
Suppose -97 + 109 = 6*i. Calculate the remainder when 6 is divided by i.
0
Calculate the remainder when 8 is divided by (1 - -2) + 2 + 0.
3
Let x = 5 - 2. Calculate the remainder when 42 is divided by -1 - -4 - (-9 - x).
12
Let z = 19 + -2. What is the remainder when 30 is divided by z?
13
Suppose 139 = 4*n - 5*f, -86 = -4*n - 3*f + 93. Calculate the remainder when n is divided by 22.
19
Let n(y) = 5 + 2*y**3 - 3*y**3 + 9*y - y - 3*y**2. Calculate the remainder when 56 is divided by n(-5).
11
Let j(y) = -y**3 - y + 1. Let m be j(0). Suppose -16 = -3*a - m. Calculate the remainder when a is divided by 4.
1
Let b = -8 + 27. Calculate the remainder when 35 is divided by b.
16
Let c(d) = d**3 - 4*d**2 - 6*d + 5. Let i be c(5). Let x = i + 13. Calculate the remainder when 49 is divided by x.
10
Let y = 34 + 1. Suppose 0*r + 5*r + y = d, 5*d = -3*r + 63. Suppose -3*a = a + 4*k - 160, -2*a = -3*k - 100. What is the remainder when a is divided by d?
14
Suppose 2*c - 6 = c. Suppose -c*r + 4*r - t = -59, -2*r - 4*t + 74 = 0. Calculate the remainder when r is divided by 14.
13
Let c be (0 - 1)/((-2)/6). Let b(d) = 10*d**2 + 7*d + 4. Let p be b(-4). Suppose 0 = -c*s + s + p. What is the remainder when s is divided by 23?
22
Suppose -22 = -2*q + 14. Calculate the remainder when q is divided by 7.
4
Let k be 1 - (-2 + -2 + 2). Let p(g) = g**2 - 3*g + 4. Let u be p(k). What is the remainder when 2 is divided by ((-6)/(-9))/(u/6)?
0
Suppose c = l - 200, 3*l + 4*c + 329 = 929. Suppose -n + 6*n = l. Calculate the remainder when n is divided by 21.
19
Let p(b) = -b + 40. Calculate the remainder when p(0) is divided by 103/5 - 2/(-5).
19
Suppose 0*o = o - 50. Calculate the remainder when o is divided by ((-1 - 0) + 18)*1.
16
Let n = 15 - 5. Let f = -160 + 207. Calculate the remainder when f is divided by n.
7
Let j(l) = -2 + 3*l + 4 - 3*l + 2*l. Calculate the remainder when j(10) is divided by 13.
9
Let f = 28 + -16. Calculate the remainder when 22 is divided by f.
10
Let o(r) = 6*r**2 - 4*r + 2. Let v(n) = n**3 + 3*n**2 - 5*n - 3. Let c be v(-4). Let x = c - -9. Calculate the remainder when o(2) is divided by x.
8
Suppose h + 2*v - 6*v - 22 = 0, -3*h - 9 = 3*v. Suppose -t = -5*q + 4 + 9, -3*t - 17 = -4*q. Calculate the remainder when h is divided by q.
0
Suppose -4*j + 81 = -151. Calculate the remainder when j is divided by 10.
8
Suppose m - 3 = b, 0*m - 2*b = -3*m + 4. Let i = 5 - m. Let c(r) = 3*r - 6. What is the remainder when 42 is divided by c(i)?
12
Suppose -i = 3*i - 12, 2*r + 2*i - 42 = 0. Calculate the remainder when r is divided by 7.
4
Let j(s) = s**3 - 3*s**2 + 6*s + 5. Let i(h) = -3*h**3 + 5*h**2 - 11*h - 10. Let z(f) = -2*i(f) - 5*j(f). What is the remainder when z(-6) is divided by 2?
1
Suppose -16*p + 65 = -11*p. Calculate the remainder when 23 is divided by p.
10
Let p(r) = 15 - 57*r - r**2 + 57*r. Let c = -60 - -118. Calculate the remainder when c is divided by p(0).
13
Suppose 3*a - 3*c = 12 + 87, 4*c = -20. Let j = 0 + 10. Calculate the remainder when a is divided by j.
8
Let v = 1 - -4. Suppose 0 = -v*t + 5*y + 150, -2*t + 95 = 3*y + 2*y. Calculate the remainder when t is divided by 18.
17
Let d = 26 - 24. Suppose 3*n - 11 = d*n. Calculate the remainder when 21 is divided by n.
10
Let i(t) = -t + 12. Let r be i(10). Suppose 4 = 2*z - r. What is the remainder when (-4)/(-6)*6/1 is divided by z?
1
Suppose -o + 2 = -2*o. Calculate the remainder when (10/o)/((-6)/66) is divided by 19.
17
Suppose -o + 133 = 4*g, 4*g + 3*o = o + 138. Calculate the remainder when g is divided by 7.
4
Let p(n) = n + 1. Let b be p(-5). What is the remainder when b - -31 - (0 + -1) is divided by 10?
8
Let d(x) = 2*x + 8. Let b be d(-7). Let n(o) = o**2 + 5*o + 1. Let y(g) = g**2 + 15*g - 34. Calculate the remainder when y(-18) is divided by n(b).
6
Suppose 0*s + 2*s = 10. What is the remainder when 9 is divided by s?
4
What is the remainder when 77 is divided by 705/18 + 3/(-18)?
38
Suppose i + 11 = 4*t - 56, 71 = 5*t + 3*i. Let l = -1 + 7. Let k = 67 - l. What is the remainder when k is divided by t?
13
Let v(g) = -3*g**3 - 4*g**2 - 7*g - 10. Calculate the remainder when 95 is divided by v(-2).
11
Suppose 0 = 3*f + 5 - 44. Suppose -3*v + 2*c = -f, 0*v + v + 2*c = -1. What is the remainder when (25 - -1)/(v/6) is divided by 18?
16
Let g = 3 + -7. Calculate the remainder when (-3487)/(-55) - g/(-10) is divided by 16.
15
Suppose -3*w + 36 = 3*b, b + 51 = 3*w - b. Let q = -11 + 20. Calculate the remainder when w is divided by q.
6
Suppose 11*s = 3*s + 632. Calculate the remainder when s is divided by 17.
11
Suppose -2*o + 5*g = -0*g - 85, 0 = 4*o - g - 125. What is the remainder when 119 is divided by o?
29
Suppose 19 - 60 = -5*w + 4*o, 5*w + 2*o - 47 = 0. What is the remainder when 24 is divided by w?
6
Let z = -242 + 361. Suppose z = 4*y - 33. Suppose 3*w - 137 = -2*b - y, 4*w + 2*b - 134 = 0. What is the remainder when w is divided by 12?
11
Suppose -2*p = -0*p - 20. What is the remainder when 29 is divided by p?
9
Suppose -6*x - 4 = -8*x. Suppose -1 = -3*u + 5. What is the remainder when x is divided by u?
0
Let f(t) = 2*t**2 - 5*t + 1. Let m be f(5). Let v = 45 - m. Calculate the remainder when 74 is divided by v.
17
Let k = 2 + -1. Let r = 12 - 8. Calculate the remainder when k is divided by 0 + 0 - r/(-4).
0
Suppose 2*v + 6 = -l - 3*l, 5*v = 4*l + 41. Let o(x) = 9*x